me?
True
Is 283539973 prime?
False
Is 24011831861 a composite number?
True
Is 3018105767 a composite number?
False
Is 1513278149 prime?
False
Is 2946845227 composite?
True
Is 194413829 composite?
False
Is 19868852001 composite?
True
Is 7175292301 a composite number?
False
Is 725724683 prime?
False
Is 227925127 a composite number?
True
Is 685291603 a prime number?
False
Is 4266242251 prime?
True
Is 4277786479 prime?
True
Is 817175201 a prime number?
True
Is 67456825309 prime?
False
Is 359859593 prime?
True
Is 53958556349 composite?
True
Is 8635800949 a prime number?
True
Is 2468982323 a prime number?
True
Is 700191397 a prime number?
True
Is 8966953003 prime?
True
Is 2160419207 a composite number?
False
Is 37259147113 a composite number?
False
Is 82337537 a prime number?
True
Is 538369973 composite?
False
Is 70270997 composite?
False
Is 78953060159 a prime number?
False
Is 708709061 composite?
True
Is 2739488699 composite?
False
Is 15660223067 a composite number?
False
Is 799409869 prime?
True
Is 13805831521 composite?
True
Is 1813900351 prime?
True
Is 3779454281 a composite number?
True
Is 234294038373 prime?
False
Is 986577481 a composite number?
True
Is 4579001359 a composite number?
True
Is 47287281907 a prime number?
False
Is 983125999 prime?
True
Is 46142197 prime?
True
Is 775381303 a composite number?
False
Is 6711860557 a composite number?
True
Is 3415089107 a prime number?
False
Is 135613321 prime?
True
Is 2471528263 prime?
False
Is 1044633917 composite?
True
Is 44988465799 a prime number?
True
Is 69442205621 prime?
True
Is 5072990311 a prime number?
False
Is 3153298739 composite?
False
Is 3026916509 composite?
False
Is 1070799703 a composite number?
False
Is 4222266427 a prime number?
False
Is 18892353043 a composite number?
False
Is 174582683729 prime?
True
Is 8781233 a prime number?
True
Is 6797415263 a composite number?
False
Is 13154483 composite?
False
Is 1288126733 a composite number?
True
Is 10530139301 composite?
True
Is 79741551374 a prime number?
False
Is 2665585613 prime?
False
Is 56857275691 prime?
True
Is 6958681953 composite?
True
Is 570723443 a prime number?
False
Is 588614937 prime?
False
Is 810915479 prime?
False
Is 205228943423 composite?
True
Is 5956025521 composite?
True
Is 6190218399 a composite number?
True
Is 90531947567 a prime number?
True
Is 1014549145 composite?
True
Is 74099241949 a prime number?
True
Is 15078476242 a composite number?
True
Is 1697744339 a prime number?
False
Is 41166457751 a prime number?
True
Is 3060276469 prime?
False
Is 25860584507 prime?
True
Is 1828130789 a composite number?
False
Is 20908914913 a composite number?
False
Is 2192480545 composite?
True
Is 812413111 a composite number?
True
Is 29829710539 prime?
True
Is 1241081939 prime?
False
Is 6084425327 a prime number?
False
Is 431736960638 prime?
False
Is 27955111 prime?
True
Is 14755078021 a composite number?
True
Is 72184835623 composite?
False
Is 227418313 a prime number?
True
Is 18634631 composite?
False
Is 368745659 prime?
True
Is 1126976273 prime?
False
Is 1645883479 a prime number?
False
Is 41993491 a composite number?
True
Is 888714553 composite?
False
Is 1423382107 a prime number?
False
Is 62666185 a composite number?
True
Is 69705733 prime?
False
Is 2932109837 prime?
False
Is 1241108439 prime?
False
Is 29067399311 a composite number?
True
Is 2427688877 a prime number?
False
Is 8659529537 a composite number?
True
Is 2958925003 composite?
False
Is 98919068873 prime?
True
Is 4396962749 composite?
False
Is 291238215079 a composite number?
True
Is 164556411494 a prime number?
False
Is 373694501 composite?
True
Is 1424809381 composite?
False
Is 282145733 a prime number?
True
Is 3069728323 prime?
False
Is 84152649203 composite?
True
Is 1150085977 a composite number?
True
Is 385596451 a composite number?
False
Is 59597931961 composite?
False
Is 3626485537 prime?
True
Is 7047945859 a composite number?
False
Is 21686275643 a composite number?
False
Is 1373454341 prime?
False
Is 849966581 a prime number?
True
Is 88990913433 a composite number?
True
Is 1256259181 a composite number?
False
Is 185091007 composite?
False
Is 128503747 a composite number?
True
Is 5698127477 prime?
False
Is 9348291637 a prime number?
False
Is 4319843617 prime?
True
Is 616668929 a prime number?
True
Is 1512674299 composite?
False
Is 372771881 a prime number?
True
Is 31624805791 a composite number?
True
Is 10919068607 prime?
True
Is 6456290107 prime?
False
Is 1676449241 composite?
False
Is 18906785251 composite?
False
Is 3769759559 composite?
False
Is 1401603107 prime?
True
Is 957452543 a prime number?
False
Is 851222117 a composite number?
False
Is 550416023 a prime number?
True
Is 489828371 a prime number?
True
Is 1673262301 prime?
True
Is 2759397577 composite?
False
Is 1221631681 a prime number?
True
Is 2309736971 prime?
True
Is 3358763411 prime?
False
Is 305334803 a prime number?
True
Is 10628987321 a prime number?
True
Is 159421998467 a prime number?
True
Is 79210211 a prime number?
True
Is 213943393 prime?
True
Is 95413873 a composite number?
False
Is 6212452537 composite?
False
Is 29130882169 composite?
True
Is 55452661697 a composite number?
False
Is 254125153 prime?
False
Is 2324419667 a composite number?
False
Is 95361713141 composite?
False
Is 911174695 composite?
True
Is 2331078049 prime?
False
Is 956757973 composite?
False
Is 78097943761 a composite number?
False
Is 2799496022 prime?
False
Is 104289695539 a composite number?
True
Is 695578157 composite?
False
Is 14015135999 a prime number?
False
Is 186416673 a composite number?
True
Is 172059857 composite?
True
Is 47696050133 composite?
True
Is 27317366801 prime?
True
Is 660454238 prime?
False
Is 11456257 prime?
True
Is 1235367907 a composite number?
False
Is 222255827 a composite number?
False
Is 167126563 composite?
False
Is 5756677001 prime?
False
Is 773854231 prime?
True
Is 14056952659 a composite number?
False
Is 941563787 a composite number?
False
Is 89396666189 a prime number?
True
Is 248493740383 prime?
False
Is 395102963 prime?
False
Is 17819206879 prime?
True
Is 614382035 composite?
True
Is 1294694551 prime?
False
Is 873832529 prime?
False
Is 92033483081 a prime number?
False
Is 685844603 composite?
False
Is 569453933 composite?
False
Is 2729544151 composite?
False
Is 2098617047 prime?
True
Is 39313927846 composite?
True
Is 926088257 a composite number?
False
Is 20601028807 a composite number?
True
Is 135996653171 composite?
True
Is 15423925593 composite?
True
Is 5286814427 prime?
True
Is 15829890311 a prime number?
False
Is 279504213 a composite number?
True
Is 59015406937 composite?
False
Is 231551941 composite?
False
Is 1847541661 a composite number?
True
Is 116440864217 composite?
True
Is 5460270689 a prime number?
True
Is 8890565947 a composite number?
True
Is 886302689 prime?
True
Is 2858865307 prime?
True
Is 5167889303 a composite number?
False
Is 802080479 a prime number?
True
Is 264180463 a composite number?
False
Is 7967867347 prime?
False
Is 45508952471 composite?
False
Is 236929229 prime?
False
Is 1074696151 a composite number?
True
Is 743195311 composite?
False
Is 375933319 prime?
False
Is 17654652791 prime?
True
Is 13006281 a prime number?
False
Is 2882233597 composite?
False
Is 11734935577 prime?
False
Is 80481181778 a prime number?
False
Is 1294614151 a composite number?
True
Is 9877615589 a composite number?
False
Is 71819886581 a prime number?
False
Is 13410449149 a prime number?
False
Is 1149422203 composite?
True
Is 1249436873 composite?
False
Is 2558141345 composite?
True
Is 2466741601 a prime number?
True
Is 1146614779 composite?
True
Is 813953845 prime?
False
Is 339889559 a composite number?
False
Is 195636083 prime?
True
Is 808423307 a composite number?
False
Is 1815547633 composite?
True
Is 3685645613 a composite number?
True
Is 64538863 a prime number?
False
Is 280906111 a composite number?
True
Is 15697523519 a composite number?
True
Is 332270483 a composite number?
False
Is 4785651523 a composite number?
False
Is 8862520939 a prime number?
True
Is 126030512057 composite?
False
Is 6890225179 a composite number?
True
Is 1122795337 prime?
True
Is 106865159 a composite number?
False
Is 459168217 a composite number?
False
Is 5311471003 prime?
True
Is 15038624